- 5*z**2. Let b = -86 + 90. Give o(b).
3
Suppose l + z - 3 = 0, -5*l + 2*z = z - 27. Let k(v) = -v**3 + 4*v**2 + 5*v - l*v + 5 + 3*v. Let y be k(5). Let n(q) = q**2 + 2*q - 7. Determine n(y).
8
Let i(d) be the third derivative of 0 + 0*d - 2/3*d**3 - 11*d**2 - 1/24*d**4. Determine i(-6).
2
Let q(g) = -5*g**3 - 14*g**2 + g + 11. Let z(s) = s**3 + s**2 - 4*s - 2. Let n be z(-3). Let m(t) = 2*t**3 + 5*t**2 - 4. Let b(d) = n*m(d) - 3*q(d). Give b(3).
-19
Let l(y) be the second derivative of y**4/12 + y**3 + y**2 - 7*y. Suppose 6*j - 8*j + 20 = 0. Let w = -15 + j. Determine l(w).
-3
Let y(d) = 5*d**3 - 82*d**2 + 44*d**2 + 38*d**2. Suppose -3*f + 129 = 39. Let m be 6/10 - (-12)/f. Calculate y(m).
5
Let g(r) be the third derivative of r**4/12 + r**3/6 + 500*r**2. Determine g(2).
5
Let b(d) be the third derivative of -d**7/280 - d**6/360 + d**5/120 - d**4/24 + 5*d**3/6 - 14*d**2. Let j(a) be the first derivative of b(a). Determine j(1).
-4
Let s(c) be the third derivative of -c**6/120 + 7*c**5/60 - 5*c**4/24 - 2*c**3/3 - c**2. Let v(t) = 1. Let g(z) = -s(z) - 6*v(z). Give g(6).
-8
Let z be 498/(-48) - 18/(-48). Let x(w) = w**2 + 11*w + 15. Calculate x(z).
5
Let i(p) = -5*p - 4. Let w(n) = 28*n + 19. Let v(x) = -11*i(x) - 2*w(x). What is v(5)?
1
Let w(d) = d**2 + 2*d + 2. Let b(r) = 39*r**2 - 7*r - 20*r**2 - 18*r**2 + 0 + 7. Let j be b(5). Determine w(j).
5
Let n(u) = u**3 + 13*u**2 + 1. Let i(f) = -11*f + 152. Let l be i(15). Determine n(l).
1
Suppose -3*n = 0, 4*o - 4*n + 5 = -o. Let h(m) = -49*m**2 + 2*m + 1. Determine h(o).
-50
Let o(k) = 28*k**2 - 19. Let l(y) = -13*y**2 + 10. Let t(r) = 13*l(r) + 6*o(r). Determine t(0).
16
Let m(x) = x**3 + 3*x**2 + 3*x + 2. Suppose -4*z - 3*z = -77. Let n = 8 - z. Determine m(n).
-7
Let m(l) = -l**2 + 16*l - 51. Let c be m(9). Let p(n) = 4 - 2*n + 6 - 4 - c. Let o(v) = -3*v - 1. Let i be o(-2). Determine p(i).
-16
Let v(k) = k**2 - 114*k - 599. Let a be v(-5). Let p(t) = -3*t - 3*t + 4*t + 1. What is p(a)?
9
Suppose 5*d - 7 = 78. Let o(a) = -a + 9. Let j(t) = 3*t - 26. Let f(w) = d*o(w) + 6*j(w). Determine f(2).
-1
Let u(f) = -8*f + 18. Let r be u(3). Let s(d) = d**3 + 0*d**3 + 7*d**2 - 25 + 7*d + 18. Determine s(r).
-13
Let r(z) = -5*z + 14*z**2 + 221129*z**3 + 7*z + 12*z + 14 - 221130*z**3. What is r(15)?
-1
Let j(t) = 2*t**2 + 10*t - 15. Let l be (36/4 + 3)*3/(-6). Determine j(l).
-3
Let i = 9 + -13. Suppose -x + 3*x = 4. Let d(w) = -w**3 + 2*w**3 + 2 - x + 5*w**2 - 1 + 3*w. Calculate d(i).
3
Let o(m) = 23*m - 48*m + 4 - 11 + 24*m. What is o(-11)?
4
Let q be -4 - -1 - (-2 + 4). Let t be (11 + q)/((-2)/2). Let p(i) = 3*i - 3*i - i**2 - 5*i. Determine p(t).
-6
Let n(a) = a**2 - 8*a - 6. Suppose 5*i + l - 25 = 0, 14 = -3*i - 4*l + 12. Determine n(i).
-18
Let w be 0 + 3 - (7 - 526). Let y(n) = 4*n + 522 - w. Let b = -12 + 11. What is y(b)?
-4
Suppose 0 = -14*n - 4*n + 36. Let m(h) be the third derivative of 0 + 0*h + 1/6*h**3 - 1/6*h**4 - 4*h**n. Calculate m(-3).
13
Suppose -y = t + 1, -t + 5*y = 2*t - 5. Suppose t*u + 2*b - 8 = 2*u, -4*u = 4*b - 8. Let s(f) = 7*f**3 + f. Determine s(u).
-8
Suppose 3*d + 62 = 5*a, 5*a - 6*a = 5*d + 66. Let l(g) = g**2 + 16*g + 25. Calculate l(d).
-3
Suppose h = -3*y + 21, -2*h - 4*y = -39 + 7. Let d = 5 + 13. Let z(i) = 7*i + i + i**2 + 8*i + h*i**3 - d*i + 1. What is z(1)?
6
Let d be 380/133 + 2/14. Let g(s) = 6 - s**3 - 12 - 5*s**2 - s - d*s**2. What is g(-8)?
2
Let q(m) = 9*m**3 + 8*m**2 + 8*m - 10. Let o(t) = -11*t**3 - 8*t**2 - 10*t + 12. Let b(j) = 4*o(j) + 5*q(j). Calculate b(-5).
73
Let m be 1 - 2*9/6. Let x = -1 + m. Let a(z) = -4*z + 3*z + 2 + 4*z. What is a(x)?
-7
Let q(g) be the second derivative of -g**5/20 - 5*g**4/4 + g**3/6 + 9*g**2 - 27*g. Calculate q(-15).
3
Let a(k) = -k**3 - 13*k**2 + k + 18. Let b be a(-13). Let x(p) = 15*p**2 - 31*p**2 + 15*p**2 + 4*p + b. Give x(6).
-7
Let u(r) = -r**3 + 3*r**2 - r + 3. Let i be u(3). Suppose w = -i*w + 8. Let d(v) = -v**3 + 7*v**2 + 9*v - 8. What is d(w)?
0
Let q(r) = 2*r**3 - 2*r**2 - r. Let x be q(2). Let u = -2 - -5. Let m(p) = 3 - 5 + 4*p - u*p. Determine m(x).
4
Let t(f) = -2 - 36*f**2 + 35*f**2 - 3*f - 4*f + 0*f. Let s(h) = 2*h**3 - h - 2. Let a = -6 - -5. Let b be s(a). What is t(b)?
10
Let r(j) = j**2 - 9*j - 8. Suppose 116*l = 4*t + 114*l - 42, -2*l = t - 23. What is r(t)?
44
Let t(v) = -v**3 + v - 1. Let b(z) = 10*z**2 + 3*z + 2. Let w be b(-1). Let h = w + -11. Give t(h).
5
Let s(r) be the third derivative of r**6/60 - r**5/20 + r**4/12 - r**3/6 + 578*r**2. Let j = 8 - 6. Calculate s(j).
7
Let a = -4 + 12. Let l(w) be the first derivative of -w**2/2 + 13*w - 543. What is l(a)?
5
Let j(i) = 3*i - 15. Let n be j(6). Let h(s) = 2*s**2 + s + 1. Let w(l) = -6*l**2 - 3*l - 3. Let t(r) = n*w(r) + 8*h(r). Calculate t(-1).
-2
Let g = -10 - -14. Suppose -13 + g = 3*u. Let z be u/2*50/(-15). Let a(j) = j**3 - 6*j**2 + 5*j + 1. What is a(z)?
1
Let b(s) = 29*s - 2 - 55*s + 27*s. Let q(f) = -f**2 + 5*f - 2. Let w be q(3). Determine b(w).
2
Let q(x) = -x - 8. Let v be q(-9). Let y be 10/2 - (-1 + v). Suppose y*m = 10*m - 30. Let c(g) = g + 3. What is c(m)?
9
Let r be (-2)/(-3 + 3 + -1). Suppose r*u = -u - 3. Let g(m) = m**2 + m + 1. Let b(i) = 12*i**2 + 3*i + 4. Let s(w) = b(w) - 4*g(w). Determine s(u).
9
Let d = -30 + 41. Let v = -14 + d. Let q(g) = -g**2 - 2*g + 4. What is q(v)?
1
Suppose 3*n + n + 12 = 0. Let s be (-1)/(-3) - (-125)/(-15). Let c(d) = 4*d - 4. Let k(i) = -12*i + 11. Let u(z) = n*k(z) + s*c(z). Calculate u(1).
3
Let h(i) = -i + 2. Suppose -4*f = -5*s + 10, -3*s = 3*f - 5*s + 4. Suppose -3*u = -2*m + 7*m + 14, -5*m - u - 18 = f. Let c be (-42)/(-11) - m/22. What is h(c)?
-2
Let x(q) = 19 + 3*q + 11 + 15 + 2*q - 50 - q**2. Suppose -4*n = -4*i + 24, 2*i + 9 = -4*n - 3. Let c = 9 + n. Determine x(c).
-5
Let b(m) = -m**2 - 3*m + 3. Let n(a) = -4*a**2 - 17*a + 7. Let i(c) = -c - 1. Let g(x) = 6*i(x) - n(x). Let l(q) = -9*b(q) - 2*g(q). Give l(-5).
-1
Let w(n) = 560*n + 569*n - 10 - 1128*n. Let j be (-1 - -2)*(4 + 3). Give w(j).
-3
Let a(t) = -t + 1. Let i be (-846)/(-21) + 4/(-14). Suppose 5*x + 41 = 3*z, -5*z + i - 1 = -x. Suppose -z = 11*d - 12*d. What is a(d)?
-6
Let c(x) be the first derivative of x**4/4 - 2*x**2 - 3*x - 2. Let p be ((-2)/4)/((-1)/4) + -4. Determine c(p).
-3
Let y = -26 + 53. Let t(c) = -c**2 - 27*c + y*c + 2. Suppose 5*p - p + 12 = 0. Calculate t(p).
-7
Let i be ((-10)/10)/(3/39). Let s(g) = g**3 + 12*g**2 - 13*g + 13. What is s(i)?
13
Let v = 2 + -1. Let l(z) be the first derivative of 0*z + 16 + 1/2*z**2. What is l(v)?
1
Suppose -3*p - 15 = -4*t + 13, -24 = -5*t + p. Let n(f) = -t*f**2 + 7*f**2 + 3*f**3 + f + 4 - 9*f**2 - 2*f**3. Determine n(6).
10
Let r = 16 + -31. Let q = 18 + r. Let b(f) = -f**3 + 9*f**2 - 7 - f**2 + 3*f - q*f**2. Give b(5).
8
Let c(w) = -5*w + 9. Let u(k) = 5*k - 7. Let t(r) = 4*c(r) + 5*u(r). Let n(l) = l + 1. Suppose 0 = -5*y + 5 - 0. Let m(z) = y*t(z) - 4*n(z). Calculate m(4).
1
Let k(s) = -2*s + 2. Let m(b) = -25*b + 6 + 21*b + 0. Let l be m(2). What is k(l)?
6
Let o(b) = 45 + 38 - 89 - b. Let a(w) = -8*w**2 - 5 + 4 + 2*w**2 - 2*w. Let x be a(-1). Give o(x).
-1
Suppose -5*u - 9 - 46 = 0. Let l(n) = -2*n - 18. Let o be l(u). Let b(v) = 3 + 5*v**2 - o - 14*v**2. What is b(-1)?
-10
Let h(t) be the first derivative of 1/2*t**2 - 20*t + 2. Suppose 0*l = -38*l. Determine h(l).
-20
Let p(y) = 4*y + 20. Let g(f) = -7*f - 40. Let o(d) = -6*g(d) - 11*p(d). Give o(13).
-6
Let h = 123 + -124. Let z(k) = 8*k + 1. What is z(h)?
-7
Let j(f) = f + 5. Let k be (0/(-1))/(-4 + 2). Determine j(k).
5
Let p(o) = -o**2 - 9*o - 5. Suppose 1 = a, -4*v - 7 - 13 = -4*a. Calculate p(v).
15
Let w(h) be the second derivative of -h + 0*h**2 - 1/3*h**3 + 0. Suppose 9*b - 3*s - 21 = 4*b, -11 = -3*b + s. Determine w(b).
-6
Let a be ((-28)/49)/((-4)/14). Suppose -4 = -4*x + a*f, x - 2*x - 5*f = 10. Let j(m) = -2*m + m - m**2 + 0*m. What is j(x)?
0
Let v(w) = 8*w - 1. Suppose 11 = 4*m + 7. Determine v(m).
7
Let k(m) = -5*m - 4. Let r(t) = -4*t - 4. Suppose -9 = 5*p + 6. Let q(a) = p*k(a) + 4*r(a). What is q(-2)?
-2
Suppose 3*z - 2*z - 17 = 0. Let d(h) = -7*h - 4 + 11*h**2 - z*h**2 + 7*h**2. Suppose 3*y = 4*p + 30, 2*y + 4*p + 3 = -p. Determine d(y).
-10
Let b(l) be the second derivative of -l**5/2